{"id":17,"date":"2024-05-01T17:48:28","date_gmt":"2024-05-01T15:48:28","guid":{"rendered":"https:\/\/club-aikido-pradettes.com\/?page_id=17"},"modified":"2024-09-29T17:41:36","modified_gmt":"2024-09-29T15:41:36","slug":"activites-du-mois","status":"publish","type":"page","link":"https:\/\/club-aikido-pradettes.com\/","title":{"rendered":"Activit\u00e9s du mois"},"content":{"rendered":"\n<ul class=\"wp-block-list has-small-font-size\">\n<li><strong>Reprise<\/strong> des cours enfants\/ados au <strong>dojo des Pradettes<\/strong> <strong>tous les jeudis<\/strong> de 17h30 \u00e0 18h30 (enfants 6-9 ans), et de 18h30 \u00e0 19h30 (enfants 10-13 ans)<\/li>\n\n\n\n<li><strong>Reprise<\/strong> des cours adultes au <strong>dojo des Pradettes tous les jeudis<\/strong> de 19h30 \u00e0 21h et <strong>tous les samedis<\/strong> de 11h45 \u00e0 13h30<\/li>\n<\/ul>\n\n\n\n<p style=\"font-size:14px\">Si vous cliquez dans les autres pages de ce site, vous d\u00e9couvrirez :<\/p>\n\n\n\n<ul class=\"wp-block-list\">\n<li class=\"has-small-font-size\">des vid\u00e9os, photos et textes parlant des <strong>cours<\/strong> d&rsquo;a\u00efkido donn\u00e9s aux Pradettes, des <strong>stages<\/strong> que nous organisons\u2026<\/li>\n\n\n\n<li class=\"has-small-font-size\">des explications sur comment <strong>nous combinons la pratique de l&rsquo;a\u00efkido et une approche plus g\u00e9n\u00e9rale li\u00e9e \u00e0 la sant\u00e9 et au bien-\u00eatre<\/strong><\/li>\n<\/ul>\n\n\n\n<p style=\"font-size:14px\">Si vous venez au gymnase des Pradettes :<\/p>\n\n\n\n<ul class=\"wp-block-list\">\n<li class=\"has-small-font-size\">vous pourrez faire <strong>un ou deux cours d&rsquo;essai gratuits<\/strong><\/li>\n\n\n\n<li class=\"has-small-font-size\">si vous le souhaitez, et \u00e0 n\u2019importe quel moment de l\u2019ann\u00e9e, vous pourrez vous inscrire en section <a href=\"https:\/\/club-aikido-pradettes.com\/index.php\/aikido-kids\/\" data-type=\"page\" data-id=\"51\">A\u00efkido Kids<\/a> ou en section <a href=\"https:\/\/club-aikido-pradettes.com\/index.php\/aikido-adultes\/\" data-type=\"page\" data-id=\"44\">A\u00efkido Adultes<\/a><\/li>\n<\/ul>\n\n\n\n<p style=\"font-size:14px\">N&rsquo;h\u00e9sitez pas \u00e0 nous rejoindre, ou \u00e0 prendre contact avec nous.<\/p>\n","protected":false},"excerpt":{"rendered":"<p>Si vous cliquez dans les autres pages de ce site, vous d\u00e9couvrirez : Si vous venez au gymnase des Pradettes : N&rsquo;h\u00e9sitez [&hellip;]<\/p>\n","protected":false},"author":1,"featured_media":0,"parent":0,"menu_order":0,"comment_status":"closed","ping_status":"closed","template":"","meta":{"footnotes":""},"class_list":["post-17","page","type-page","status-publish","hentry"],"_links":{"self":[{"href":"https:\/\/club-aikido-pradettes.com\/index.php\/wp-json\/wp\/v2\/pages\/17","targetHints":{"allow":["GET"]}}],"collection":[{"href":"https:\/\/club-aikido-pradettes.com\/index.php\/wp-json\/wp\/v2\/pages"}],"about":[{"href":"https:\/\/club-aikido-pradettes.com\/index.php\/wp-json\/wp\/v2\/types\/page"}],"author":[{"embeddable":true,"href":"https:\/\/club-aikido-pradettes.com\/index.php\/wp-json\/wp\/v2\/users\/1"}],"replies":[{"embeddable":true,"href":"https:\/\/club-aikido-pradettes.com\/index.php\/wp-json\/wp\/v2\/comments?post=17"}],"version-history":[{"count":8,"href":"https:\/\/club-aikido-pradettes.com\/index.php\/wp-json\/wp\/v2\/pages\/17\/revisions"}],"predecessor-version":[{"id":105,"href":"https:\/\/club-aikido-pradettes.com\/index.php\/wp-json\/wp\/v2\/pages\/17\/revisions\/105"}],"wp:attachment":[{"href":"https:\/\/club-aikido-pradettes.com\/index.php\/wp-json\/wp\/v2\/media?parent=17"}],"curies":[{"name":"wp","href":"https:\/\/api.w.org\/{rel}","templated":true}]}}