{"id":27,"date":"2024-05-01T18:49:58","date_gmt":"2024-05-01T16:49:58","guid":{"rendered":"https:\/\/club-aikido-pradettes.com\/?page_id=27"},"modified":"2025-08-04T04:14:37","modified_gmt":"2025-08-04T02:14:37","slug":"le-club","status":"publish","type":"page","link":"https:\/\/club-aikido-pradettes.com\/index.php\/le-club\/","title":{"rendered":"Le club"},"content":{"rendered":"\n<p style=\"font-size:14px\">Le Club d&rsquo;A\u00efkido des Pradettes (CAP) vous permet de suivre, selon votre \u00e2ge et vos attentes :<\/p>\n\n\n\n<ul class=\"wp-block-list\">\n<li class=\"has-small-font-size\">des cours <a href=\"https:\/\/club-aikido-pradettes.com\/index.php\/aikido-adultes\/\" data-type=\"page\" data-id=\"44\">A\u00efkido Adultes<\/a> ou des cours <a href=\"https:\/\/club-aikido-pradettes.com\/index.php\/aikido-kids\/\" data-type=\"page\" data-id=\"51\">A\u00efkido Kids<\/a><\/li>\n\n\n\n<li class=\"has-small-font-size\">des s\u00e9ances <a href=\"https:\/\/club-aikido-pradettes.com\/index.php\/aiki-sante\/\" data-type=\"page\" data-id=\"54\">A\u00efki Sant\u00e9<\/a><\/li>\n<\/ul>\n\n\n\n<p style=\"font-size:14px\">Pour les s\u00e9ances <a href=\"https:\/\/club-aikido-pradettes.com\/index.php\/aiki-sante\/\" data-type=\"page\" data-id=\"54\">A\u00efki Sant\u00e9<\/a>, vous trouverez toutes les informations utiles en cliquant sur la rubrique <a href=\"https:\/\/club-aikido-pradettes.com\/index.php\/aiki-sante\/\" data-type=\"page\" data-id=\"54\">A\u00efki Sant\u00e9<\/a>.<\/p>\n\n\n\n<p style=\"font-size:14px\">Pour les cours d&rsquo;a\u00efkido, la pratique a lieu au dojo du <strong>gymnase des Pradettes \u00e0 Toulouse<\/strong>.<\/p>\n\n\n\n<p style=\"font-size:14px\">Ce dojo offre une superficie de tatamis de 100 m\u00b2 pouvant accueillir une vingtaine de pratiquants.<\/p>\n\n\n\n<div class=\"wp-block-columns is-layout-flex wp-container-core-columns-is-layout-9d6595d7 wp-block-columns-is-layout-flex\">\n<div class=\"wp-block-column is-layout-flow wp-block-column-is-layout-flow\" style=\"flex-basis:100%\">\n<figure class=\"wp-block-video\"><video height=\"480\" style=\"aspect-ratio: 848 \/ 480;\" width=\"848\" autoplay controls muted src=\"http:\/\/club-aikido-pradettes.com\/wp-content\/uploads\/2024\/05\/VID-20230808-WA0001.mp4\" playsinline><\/video><figcaption class=\"wp-element-caption\">Technique ken tai ken au dojo des Pradettes<\/figcaption><\/figure>\n<\/div>\n<\/div>\n\n\n\n<p style=\"font-size:14px\">Les cours <a href=\"https:\/\/club-aikido-pradettes.com\/index.php\/aikido-adultes\/\" data-type=\"page\" data-id=\"44\">A\u00efkido Adultes<\/a> et <a href=\"https:\/\/club-aikido-pradettes.com\/index.php\/aikido-kids\/\" data-type=\"page\" data-id=\"51\">A\u00efkido Kids<\/a> sont anim\u00e9s par <strong>Khalid LAMINE, professeur dipl\u00f4m\u00e9 d&rsquo;\u00e9tat 5\u00e8me dan DEJEPS<\/strong>.<\/p>\n\n\n\n<p style=\"font-size:14px\"><strong>Khalid LAMINE<\/strong> est <strong>membre du Coll\u00e8ge Technique R\u00e9gional<\/strong>.<\/p>\n\n\n\n<figure class=\"wp-block-image size-full\"><img loading=\"lazy\" decoding=\"async\" width=\"163\" height=\"163\" src=\"http:\/\/club-aikido-pradettes.com\/wp-content\/uploads\/2024\/05\/lamine_khalid_modified_small_size.jpg\" alt=\"Khalid LAMINE 5\u00e8me dan DEJEPS\" class=\"wp-image-32\" srcset=\"https:\/\/club-aikido-pradettes.com\/wp-content\/uploads\/2024\/05\/lamine_khalid_modified_small_size.jpg 163w, https:\/\/club-aikido-pradettes.com\/wp-content\/uploads\/2024\/05\/lamine_khalid_modified_small_size-150x150.jpg 150w\" sizes=\"auto, (max-width: 163px) 100vw, 163px\" \/><\/figure>\n\n\n\n<p style=\"font-size:14px\">L&rsquo;adresse du dojo est :<\/p>\n\n\n\n<ul class=\"wp-block-list\">\n<li class=\"has-small-font-size\">Gymnase des Pradettes &#8211; Premier \u00e9tage &#8211; <strong>12 Rue Ferdinand de Lesseps<\/strong> \u2013 31100 Toulouse<\/li>\n<\/ul>\n\n\n\n<p style=\"font-size:14px\">Pour tout renseignement, vous pouvez contacter :<\/p>\n\n\n\n<ul class=\"wp-block-list\">\n<li class=\"has-small-font-size\">Khalid LAMINE au 06.67.40.38.46<\/li>\n\n\n\n<li class=\"has-small-font-size\">Florence LAMINE au 06.50.83.52.92<\/li>\n<\/ul>\n\n\n\n<p style=\"font-size:14px\">La carte ci-dessous vous aidera \u00e0 localiser ce dojo.<\/p>\n\n\n<figure class=\"wp-block-table is-style-stripes\">\n<table>\n<tbody>\n<tr>\n<td><center><br \/>\n<iframe loading=\"lazy\" style=\"border: 0;\" src=\"https:\/\/www.google.com\/maps\/embed?pb=!1m18!1m12!1m3!1d2890.34573935445!2d1.3816990154336453!3d43.57851436527496!2m3!1f0!2f0!3f0!3m2!1i1024!2i768!4f13.1!3m3!1m2!1s0x12aeba69b249086d%3A0x7e43656d52e18f68!2sMairie+-+gymnase+des+pradettes!5e0!3m2!1sfr!2sfr!4v1466315793787\" width=\"720\" height=\"240\" frameborder=\"0\" allowfullscreen=\"allowfullscreen\"><\/iframe><\/center>\n<\/td>\n<\/tr>\n<\/tbody>\n<\/table>\n<\/figure>\n\n\n\n<p><\/p>\n","protected":false},"excerpt":{"rendered":"<p>Le Club d&rsquo;A\u00efkido des Pradettes (CAP) vous permet de suivre, selon votre \u00e2ge et vos attentes : Pour les s\u00e9ances A\u00efki Sant\u00e9, [&hellip;]<\/p>\n","protected":false},"author":1,"featured_media":0,"parent":0,"menu_order":0,"comment_status":"closed","ping_status":"closed","template":"","meta":{"footnotes":""},"class_list":["post-27","page","type-page","status-publish","hentry"],"_links":{"self":[{"href":"https:\/\/club-aikido-pradettes.com\/index.php\/wp-json\/wp\/v2\/pages\/27","targetHints":{"allow":["GET"]}}],"collection":[{"href":"https:\/\/club-aikido-pradettes.com\/index.php\/wp-json\/wp\/v2\/pages"}],"about":[{"href":"https:\/\/club-aikido-pradettes.com\/index.php\/wp-json\/wp\/v2\/types\/page"}],"author":[{"embeddable":true,"href":"https:\/\/club-aikido-pradettes.com\/index.php\/wp-json\/wp\/v2\/users\/1"}],"replies":[{"embeddable":true,"href":"https:\/\/club-aikido-pradettes.com\/index.php\/wp-json\/wp\/v2\/comments?post=27"}],"version-history":[{"count":18,"href":"https:\/\/club-aikido-pradettes.com\/index.php\/wp-json\/wp\/v2\/pages\/27\/revisions"}],"predecessor-version":[{"id":111,"href":"https:\/\/club-aikido-pradettes.com\/index.php\/wp-json\/wp\/v2\/pages\/27\/revisions\/111"}],"wp:attachment":[{"href":"https:\/\/club-aikido-pradettes.com\/index.php\/wp-json\/wp\/v2\/media?parent=27"}],"curies":[{"name":"wp","href":"https:\/\/api.w.org\/{rel}","templated":true}]}}